etermine y(-5).
9
Let t(y) = -6 + 1 - 27*y + 2 + 28*y. Let u = -6 - -10. Suppose -v - g + 1 = -0*g, -u*v - 26 = -2*g. Determine t(v).
-7
Let i(g) = 2*g + 4. Let r be 26/8 - 8/32. Let v = r + -9. Give i(v).
-8
Let h(k) = -k**2 + 5*k + 4. Suppose g - 2*g = -3. Suppose -g*x = -2*s - 13, x - 6 = -3*s + 2*s. Determine h(x).
4
Let c = 2 + 0. Suppose c*b + 5 = b. Let o(k) = k**2 + 4*k - 4. Give o(b).
1
Let x(h) = -h**3 - 4*h**2 - 2*h - 1. Let z be 3 + (44/4)/(-1). Let v(g) = -g**3 - 8*g**2 + 2*g + 12. Let n be v(z). What is x(n)?
7
Let c(x) be the second derivative of -1/3*x**4 + 0 + 1/2*x**2 - 1/3*x**3 - 1/10*x**5 + 5*x. Give c(-2).
5
Let c(l) = -l**2 + 2*l - 3. Let z = -1 + 1. Let j = z - 0. Let o be (5 + -2)/(1 - j). Calculate c(o).
-6
Suppose -8 = -5*l + 4*f, 0*l - 2*l - 3*f + 17 = 0. Suppose 2*a - l*h = -6, 0 = -a - 0*h - 3*h - 8. Let p(o) = -o**3 - 6*o**2 - 5*o - 1. Determine p(a).
-1
Let a(k) = k**2 + 2. Let c(s) = 4*s**3 + 2*s**2 - 2*s + 1. Let u(h) = -h**3 + 3*h**2 - h + 4. Let i be u(3). Let o be c(i). Suppose -o*j = -j - 8. What is a(j)?
6
Let u(o) = o**3 - 3*o**2 - 3*o - 5. Let x be (-14)/(2*1/2). Let h be (-8)/12 - x/3. Suppose 0 = k - 3*y - h, -y - 12 = -3*k - 6*y. Determine u(k).
-1
Let j(c) = -6*c + 2*c - c**3 - 4*c**2 - 1 + 0. Determine j(-3).
2
Let l(b) = b**2 - b - 2. Suppose -4*z + 5*k = 11, k - 6 = -4*z + z. Let j be 0 - 0 - z*-3. Determine l(j).
4
Let d be (3/(-9))/(1/3). Let s(i) be the third derivative of -i**6/720 + i**5/120 + i**4/12 + 3*i**2. Let k(m) be the second derivative of s(m). Determine k(d).
2
Let f(t) = t + 1. Let m be f(-1). Let g(a) = a + 5. Let b(k) = k + 5. Let r(w) = -3*b(w) + 4*g(w). Give r(m).
5
Let j(z) = 46*z**2 + 47*z**2 - 5*z - 8 - 87*z**2 + 2 - z**3. Let w(m) = -m**2 + 6*m - 4. Let u be w(3). Determine j(u).
-6
Let m(v) be the third derivative of v**5/60 + v**4/8 - v**3/6 + 21*v**2. Give m(-6).
17
Suppose -2*n + 0*n = 0. Suppose n = -i - 4, -4*m + i + 4 = -m. Let c(y) = y**2 - y - 9. Determine c(m).
-9
Suppose -5*p + 17 = 2*x, 2*p + 3*x + 3 = 4*p. Let u(o) = 1 + p*o - 1. Give u(1).
3
Let d(a) = 22*a**2 + a - 1. Let g = 36 - 35. Determine d(g).
22
Suppose 0 = -5*y + 3*y + 8. Let c be 1 - (-1 + -2 - -2). Let i(j) = 2 - j**c - 2*j - y + 3*j. Give i(2).
-4
Let h(j) = j**2 + 4*j - 3. Let q = 8 + 4. Suppose -5*x + 6*o - 2*o = -26, -4*x - 5*o = q. Let l be (6/x)/((-12)/16). Determine h(l).
-3
Let q(c) = c + 1. Let m(n) = n**3 + 6*n**2 + 8*n + 8. Let t be m(-5). Calculate q(t).
-6
Let q(h) be the first derivative of -h**4/4 - 4*h**3/3 + 3*h**2 - 6*h - 4. What is q(-5)?
-11
Let v(y) = -2*y**2 + 5*y + 5. Let z(p) = p**2 - p - 1. Let x(f) = -v(f) - 4*z(f). Let b = 1 + -1. Suppose 4*i = -4 - b. What is x(i)?
-2
Let x(q) = 12*q**2 - 6*q - 7*q**2 - 7*q**2 - q**2. Calculate x(-4).
-24
Let t(s) = -3 + 0*s + 0*s - s. Let n = 1 - 3. Determine t(n).
-1
Let s(d) = -d + 5. Suppose -4*g = -8*g + 12. Let m = g - -1. Suppose -3*h + 3*l = -13 + 1, -3*h = m*l - 19. Calculate s(h).
0
Let s(w) = w + 4. Let i(b) = -b**2 - 3*b + 6. Let p be i(-5). Let l be 38*(-2)/4 + 1. Let h(g) = -1. Let x(f) = l*h(f) + p*s(f). Calculate x(2).
-6
Let v = -108 - -115. Let u(c) = c**2 - 8*c - 5. Determine u(v).
-12
Let w(a) = -a + 9. Let s be w(5). Let j(h) = 5*h + 5 - s*h - 1. Suppose 0 = l - 0*l + 6. What is j(l)?
-2
Suppose 14 - 11 = -u. Let m(d) = -2*d**2 + 6*d**2 + 4*d + 0*d**3 + d**3. What is m(u)?
-3
Let c = -7 - -13. Let o be (-5)/(-15)*3/1. Let h(l) = -o + 0 - 2*l**3 + 7*l + l**3 + 5*l**2. What is h(c)?
5
Let a(c) = -11*c + 4. Let u(i) = 12*i - 1 - 6 + 2. Let o(d) = -6*a(d) - 5*u(d). Suppose 4*g + 10 = 2*r - 0, 3*r = -g + 8. Calculate o(g).
-5
Let a(b) = -b + 29. Let m be a(14). Let z be (-65)/m - 4/6. Let k(t) = t**3 + 5*t**2 - t - 1. What is k(z)?
4
Suppose 4*y - 4 = 36. Let f = y - 7. Let v(g) = -g**2 + 3. Give v(f).
-6
Let x be (12/(-9) - 0)*-3. Let z(f) = f**3 - 5*f**2 + 4*f. Determine z(x).
0
Let c(l) = 4*l**2 + 15*l - 1. Let f(y) = -y**2 - 3*y. Let z(g) = -2*c(g) - 11*f(g). Let u = -7 - -10. Suppose 5*d - 2 = 4*j, 3*d - u*j = 1 + 2. Calculate z(d).
8
Let k(v) = 1 + 8 + 1655*v - 1656*v. Determine k(9).
0
Let y = 0 - -6. Suppose -y*w + w = -20. Suppose 12 = -0*d - w*d. Let u(k) = k**3 + 3*k**2 + 2*k + 1. What is u(d)?
-5
Let f(m) = m**3 + 5*m**2 + 2*m + 7. Let k(c) = 2*c + c + 2 - 4. Let i be k(-1). Determine f(i).
-3
Let i(b) = -b**3 + 3*b**2 + 2*b + 3. Suppose 6*v - 5*v = 13. Let u = -9 + v. Suppose -y = u, 32 = 5*f - 0*f - 3*y. Determine i(f).
-5
Let b(c) = 5*c + 3. Suppose -3*m + 3*d = -3, -14 = m - 3*d + 7*d. Give b(m).
-7
Let u(f) = -2*f - 6. Suppose -4*o + 10 = -2*k, 5 = k + 2*k + 4*o. Let w = k + -4. Calculate u(w).
4
Let h = 199/1890 - 1/189. Let j(v) be the second derivative of 2/3*v**3 + 0 - h*v**5 + 2*v + 1/12*v**4 - 3/2*v**2. What is j(2)?
-7
Let d(s) = -s**2 - 4*s + 4. Let p(c) = -3*c**2 - 9*c + 8. Let w(t) = -5*d(t) + 2*p(t). Give w(3).
-7
Suppose 5*w - 10 = -2*j + 2*w, 4*j - 12 = -2*w. Let g(p) be the second derivative of 1/6*p**3 + j*p**2 + 0 - p. Give g(-4).
0
Let c(f) = 3*f - 4 - f - 2*f + f. What is c(-6)?
-10
Let h(u) be the second derivative of u**4/12 - 4*u**3/3 + 2*u**2 - 5*u. Calculate h(5).
-11
Let f(l) = l**2 - 6*l**3 - l - 91 - 2*l + 85 - 4*l**2. Let c(o) = -7*o**3 - 3*o**2 - 3*o - 7. Let h(p) = -5*c(p) + 6*f(p). Calculate h(-2).
1
Let r(d) = 6*d + 5. Let y(i) = 5*i + 5. Let j(v) = -4*r(v) + 5*y(v). Give j(-5).
0
Let k(l) = l**3 + 4*l**2 - 5*l - 4. Let m = 3 + -2. Let h(a) be the third derivative of -a**4/6 - a**3/6 - 2*a**2. Let q be h(m). Give k(q).
-4
Let n(k) = -k**3 - 6*k**2 + 6*k - 5. Let l(u) = -u**3 - 13*u**2 - u. Let w be l(-13). Suppose w*p - 9*p = -28. Calculate n(p).
2
Let x(h) = -h**3 + 3*h**2 - h - 3. Let a be 4/(-6) - 51/(-9). Suppose -10 = f - 15. Suppose 25 = -f*z, -z = -a*g - 0*z + 20. Give x(g).
-6
Let m(i) = 7*i**3 + i**2 + i + 1. Suppose -9 = -g - 2*g. Suppose -7 = g*j - 4. Determine m(j).
-6
Let g(h) = h**2 + 6*h + 9. Suppose -9 = -4*a + v, -2*v + 9 = a - 0. Suppose 4*q + 20 = -4*u, 4*u = a*u - 4*q - 2. Determine g(u).
9
Let w be (9/2)/((-4)/8). Let o be 2/9 - 16/w. Let d(j) = -6*j**2 + 1 - j**3 - 2*j**3 + 4*j**o. What is d(1)?
-4
Let s(h) be the first derivative of h**4/4 - 3*h**3 + 9*h**2/2 - 8*h - 10. Let v be s(8). Let c(l) = -l - 4. Determine c(v).
-4
Let x(q) = -12*q - 5. Let m(j) = j - 1. Let d(p) = -4*m(p) + x(p). Determine d(1).
-17
Suppose -3*t - 3*l - 3 = 0, -4*t + 0*t + 1 = -l. Let m be (-1)/(-1) - 0 - -1. Let q(s) = t + 0 - m + 2*s + 0. Give q(2).
2
Let y(c) = 5*c**2 + c - 1. Suppose 0 = -2*z + 6. Suppose d = -z*d + 16. Let q = d + -3. What is y(q)?
5
Let i(a) = -5 - a**2 - 5 + 11 + a + 1. Calculate i(-3).
-10
Suppose -3*t + 5*a + 18 = 0, -6*a - 30 = -5*t - 3*a. Let q(r) = -r**2 + 1. Let z(b) = 2*b**2 + 7*b - 7. Let d(x) = -3*q(x) - z(x). Give d(t).
-2
Let j(v) = -v. Let r = 32 - 46. Let m = r - -6. Let i(a) = -a**2 - 9*a - 6. Let z be i(m). Give j(z).
-2
Let i(w) be the first derivative of w**4/4 + 5*w**3/3 - 3*w**2 - 3*w - 14. Calculate i(-6).
-3
Let t(n) = n**3 - 7*n**2 + 7*n - 9. Let s(g) = -g**2 + g - 1. Let a(o) = -6*s(o) + t(o). Calculate a(0).
-3
Let u(s) = -s**2 - 8*s + 6. Let j(y) = y**3 + 17*y**2 + 17*y + 8. Let l be j(-16). What is u(l)?
6
Let g(m) = -m - 2. Let s be g(-2). Suppose -y + 3*y = s. Let v(j) = -j**2 - j + 2. Determine v(y).
2
Suppose -2*h - 5*v = 22, -2*h - v - 8 = -3*v. Let u(s) = s**3 + 5*s**2 - 5*s + 2. Give u(h).
-4
Suppose 4*o + 24 = -g, 3*g + 3*o + 23 = g. Let j(r) = 2*r**3 - 5 + 5*r**3 + 2*r**2 - 8*r**3 + 2*r**3 - 7*r. Give j(g).
-9
Let f(a) = -a**2 + 3*a - 4. Let l(m) = 6*m - 3. Let o be l(2). Let z(d) = d**2 - 6*d + 2. Let u be z(6). Suppose b = -u*b + o. What is f(b)?
-4
Let h(q) be the first derivative of q**4/4 - 8*q**3/3 - 9*q**2/2 + 12*q - 42. What is h(9)?
12
Suppose -3*l = 0, -4 = 2*d - 4*d + 5*l. Let v(w) = w**3 - 2*w**2 + 2*w - 1. Let f be v(d). Suppose -f*q - q = 0. Let u(p) = p**2 - 4. Determine u(q).
-4
Let b(m) = 2*m**3 - m**2 + 7*m. Let l(z) = -5*z**3 + 3*z**2 - 20*z + 1. Let c be 1/((-6)/(-9))*-2. Let p(i) = c*l(i) - 8*b(i). Calculate p(2).
-7
Let v(j) = -5. Let f(o) = -o + 11. Let t(s) = -2*f(s) - 5*v(s). Suppose 0 + 12 = 3*i. Give t(i).
11
Let l be 4 + ((-2)/1)/1. Suppose z - 3*k + 15 = 0, l*z - 5*k + 25 = -2*z. Let u